017 prime?
True
Is 80503271 composite?
False
Is 874957 composite?
False
Is 67815023 prime?
False
Is 967897547 a prime number?
True
Is 11298127 a prime number?
True
Is 24217426 composite?
True
Is 6785645 prime?
False
Is 189643 a prime number?
True
Is 98512481 prime?
True
Is 54478001 a composite number?
False
Is 23643001 a composite number?
False
Is 889463 a prime number?
False
Is 525553 composite?
True
Is 899149 a composite number?
False
Is 3851177 composite?
True
Is 22508681 composite?
True
Is 4341763 prime?
True
Is 1966129889 a prime number?
True
Is 884283 a composite number?
True
Is 8813293 a prime number?
False
Is 111839465 prime?
False
Is 230259131 prime?
True
Is 12088721 a composite number?
True
Is 423727539 prime?
False
Is 30494155 prime?
False
Is 537528539 prime?
True
Is 70967021 prime?
False
Is 155641319 a composite number?
True
Is 465407 a prime number?
True
Is 8207621 prime?
False
Is 109957301 composite?
False
Is 5773723 prime?
False
Is 14510003 composite?
False
Is 23750891 prime?
True
Is 1365713 a prime number?
False
Is 2538777 a prime number?
False
Is 41339251 a prime number?
False
Is 3730691 composite?
True
Is 228583723 composite?
False
Is 332281 a composite number?
True
Is 2565415 composite?
True
Is 253608991 a composite number?
True
Is 30992609 a prime number?
True
Is 1019219 a prime number?
False
Is 4985423 a composite number?
False
Is 520706101 a composite number?
True
Is 85076261 a composite number?
False
Is 23808531 a prime number?
False
Is 9672773 composite?
True
Is 51579074 composite?
True
Is 4659391 a composite number?
True
Is 278741 prime?
True
Is 334349 composite?
False
Is 578209 prime?
True
Is 844957 a prime number?
True
Is 28394 prime?
False
Is 364103 a composite number?
False
Is 1877567 a composite number?
True
Is 39974227 prime?
True
Is 3783083 a prime number?
True
Is 23634707 composite?
True
Is 1582739 a composite number?
True
Is 101616982 a composite number?
True
Is 156063973 a composite number?
True
Is 12392879 composite?
False
Is 52723549 a prime number?
True
Is 51819914 a prime number?
False
Is 19680527 prime?
True
Is 58853801 a composite number?
False
Is 210903202 prime?
False
Is 91338271 prime?
True
Is 6016921 a composite number?
False
Is 37649819 a prime number?
True
Is 889027 composite?
False
Is 307647157 prime?
True
Is 6339119 prime?
True
Is 1033171 prime?
True
Is 1336091 composite?
False
Is 9904087 a prime number?
False
Is 55047233 composite?
True
Is 11724701 prime?
False
Is 109553177 prime?
True
Is 32830123 a prime number?
False
Is 584921378 prime?
False
Is 3440147 composite?
False
Is 3643099 composite?
False
Is 1417603 composite?
True
Is 33494917 a composite number?
True
Is 6524389 prime?
True
Is 85614365 composite?
True
Is 636017 a prime number?
True
Is 39974341 prime?
False
Is 728356171 prime?
False
Is 5503513 a prime number?
False
Is 93794299 a composite number?
True
Is 15433931 a composite number?
False
Is 57233366 a prime number?
False
Is 18605893 prime?
False
Is 1397189 prime?
True
Is 124437527 a prime number?
False
Is 357323401 prime?
True
Is 4597661 composite?
True
Is 422437079 a prime number?
False
Is 179016037 a prime number?
False
Is 1799657 composite?
True
Is 6384269 a prime number?
True
Is 22791469 composite?
True
Is 15439987 prime?
False
Is 8202253 composite?
False
Is 86707219 prime?
True
Is 120467713 composite?
False
Is 8501977 a composite number?
True
Is 13882411 prime?
False
Is 84296501 prime?
True
Is 8170667 prime?
False
Is 5944289 a composite number?
True
Is 49998682 a prime number?
False
Is 24409069 a composite number?
True
Is 396833 a composite number?
False
Is 2759891 composite?
False
Is 5663066 composite?
True
Is 468188781 prime?
False
Is 492227 prime?
True
Is 3675853 prime?
True
Is 854683 a prime number?
True
Is 33260123 composite?
True
Is 114130477 a prime number?
False
Is 13104033 a prime number?
False
Is 227687 a composite number?
True
Is 26927053 a prime number?
True
Is 206080193 composite?
True
Is 461045285 a composite number?
True
Is 33159419 a prime number?
False
Is 7798691 composite?
True
Is 36543281 prime?
True
Is 7421773 prime?
True
Is 53809837 prime?
True
Is 34162603 prime?
True
Is 109650983 a composite number?
True
Is 4882947 prime?
False
Is 46234621 composite?
False
Is 8918593 composite?
True
Is 3394949 prime?
False
Is 23399903 prime?
True
Is 1501303 a prime number?
True
Is 15777602 composite?
True
Is 11976033 composite?
True
Is 2687929 composite?
True
Is 209274167 a prime number?
False
Is 1345307 a composite number?
True
Is 19694518 prime?
False
Is 1754017 prime?
False
Is 5801171 a prime number?
True
Is 49026983 a prime number?
True
Is 19529239 a composite number?
False
Is 286320883 composite?
True
Is 123128309 a composite number?
True
Is 574001 composite?
True
Is 13398373 prime?
False
Is 104507643 a prime number?
False
Is 797143 a composite number?
False
Is 75163813 a composite number?
False
Is 933151 prime?
True
Is 6842195 a prime number?
False
Is 4926499 composite?
False
Is 33145807 a prime number?
False
Is 12296555 a composite number?
True
Is 1978523 a composite number?
False
Is 457991 composite?
True
Is 15882533 a composite number?
False
Is 33009643 composite?
True
Is 25655731 composite?
False
Is 17380381 a composite number?
False
Is 28687 a prime number?
True
Is 16438921 composite?
False
Is 2972199 a prime number?
False
Is 31054091 a prime number?
True
Is 20520343 composite?
True
Is 2190029 prime?
False
Is 11045717 prime?
False
Is 520957 a prime number?
True
Is 12921977 composite?
True
Is 1795313 prime?
False
Is 9638113 a composite number?
False
Is 17078021 composite?
True
Is 773359 a prime number?
False
Is 9796037 prime?
True
Is 3158833 a prime number?
False
Is 46856057 composite?
False
Is 140070511 prime?
False
Is 60277807 a composite number?
True
Is 2040949 a composite number?
True
Is 97122491 a prime number?
False
Is 17934167 prime?
False
Is 181054355 prime?
False
Is 1608051761 a prime number?
True
Is 8721029 composite?
False
Is 24848633 composite?
False
Is 5067637 composite?
False
Is 21375403 a composite number?
True
Is 11022631 prime?
False
Is 13907193 a prime number?
False
Is 15582881 a prime number?
True
Is 1141741 composite?
True
Is 12555199 a composite number?
False
Is 16629923 prime?
True
Is 16207229 composite?
False
Is 26971397 a prime number?
True
Is 2129261 a composite number?
False
Is 215066863 a composite number?
True
Is 409301461 prime?
False
Is 21139417 composite?
True
Is 6642982 a prime number?
False
Is 1748233 a prime number?
False
Is 2147731 a composite number?
False
Is 27723965 composite?
True
Is 3029839 prime?
False
Is 1890193 composite?
False
Is 103870505 a composite number?
True
Is 12021286 composite?
True
Is 14566159 a prime number?
True
Is 32633 a composite number?
False
Is 132195149 a composite number?
False
Is 12814051 a composite number?
False
Is 5987307 a prime number?
False
Is 1462418 a composite number?
True
Is 7063013 composite?
False
Is 7997099 prime?
False
Is 37687427 composite?
True
Is 11778007 composite?
False
Is 36574379 a composite number?
True
Is 268724569 a composite number?
False
Is 19903883 a prime number?
False
Is 14545057 a prime number?
True
Is 5055431 a composite number?
False
Is 462201 a prime number?
False
Is 184740557 composite?
True
Is 16339189 a prime number?
False
Is 162103 composite?
True
Is 169180913 a prime number?
False
Is 3884609 prime?
True
Is 444421 prime?
True
Is 4997093 composite?
False
Is 110389817 composite?
False
Is 75823123 a composite number?
False
Is 7135343 prime?
True
Is 55402037 prime?
True
Is 34485701 composite?
False
Is 62489587 a composite number?
True
Is 1471441 a composite number?
False
Is 12147943 a composite number?
False
Is 5770951 prime?
False
Is 100662433 prime?
True
Is 786179 composite?
False
Is 34689389 prime?
False
Is 4180909 a prime number?
True
Is 141280307 composite?
True
Is 16102351 a prime number?
True
Is 82754171 composite?
False
Is 21642023 a composite number?
True
Is 802969 prime?
True
Is 5980099 a composite number?
False
Is 404247203 a prime number?
True
Is 39846797 a composite number?
True
Is 2214319 a composite number?
False
Is 690509 a composite number?
False
Is 6548819 a composite number?
False
Is 10940983 composite?
True
Is 41046611 a composite number?
True
